03. What is the hundreds digit of c?
5
Suppose 3*w = x + 155317, -4*w - 3*x + 207098 = -0*x. What is the ten thousands digit of w?
5
Let q(p) = -97 + 2*p + 184 - 9*p. Let d be q(12). Suppose 5*t = -5*g + 1929 - 524, -d*g - 9 = 0. What is the hundreds digit of t?
2
Suppose -686 = -y + 2*t, -2*t + 6*t = 3*y - 2062. Let c = -300 + y. Let o = c - 202. What is the units digit of o?
8
Suppose 5*j + 2 = -8*w + 12*w, 16 = 2*w + 5*j. Suppose -7*b + 4*b - w*o = -4308, 2*b + 4*o = 2878. What is the units digit of b?
3
Let y(d) = -6*d**3 - 2*d**2 - d - 3. Let q = 58 - 59. Let n be (-16)/8 - ((q - 1) + 3). What is the tens digit of y(n)?
4
Suppose -3*o + 10344 = i, -4*o - 10386 = -98*i + 97*i. What is the tens digit of i?
6
What is the hundreds digit of (-2138630)/(-156) - (2/14)/(12/(-70))?
7
Let f be (-7038)/(-161) + 4/14. What is the units digit of (9383/f)/(5/20)?
3
Let j(m) = -36*m**3 - 2*m**2 - 2*m + 1. Suppose 4*n + 3*k + 5 = -0*n, -4*n + 5*k - 13 = 0. What is the tens digit of j(n)?
8
Suppose 1846 = 5*b + 4*u, -4*b - 12*u + 14*u + 1482 = 0. Let v = -218 + b. What is the hundreds digit of v?
1
Suppose 5*b - 3*b - 18948 = -4*d, 4*b - 37912 = -4*d. What is the units digit of b?
2
Let t be 1*21*(-4)/(-14). Let v(o) = -42 + 101 + 6*o - t*o**2 - 50 + o**3. What is the tens digit of v(5)?
1
Let s = 18 + 9. Suppose 0 = -4*t + 21 + s. What is the units digit of 870/9 - (-4)/t?
7
Let c(x) be the third derivative of -x**6/120 + 7*x**5/60 + x**4/4 + 7*x**3/6 - 23*x**2. Suppose -30 = -10*j + 5*j. What is the tens digit of c(j)?
7
Let i = 285 + -284. Let r(z) = -9*z + 0 + 9 + 48*z. What is the tens digit of r(i)?
4
Let g(h) = -5*h**2 + 15*h - 42. Let q(y) = 4*y**2 - 16*y + 41. Let s(i) = 5*g(i) + 6*q(i). Let o be s(-17). Let d = o - 93. What is the tens digit of d?
1
Suppose 0 = 2*c + 215 - 239. Suppose 0 = -c*a + 7*a, -135 = -5*t - 5*a. What is the tens digit of t?
2
Suppose 4*y - u - 68538 = 0, 4616 = 2*y + u - 29650. What is the units digit of y?
4
Suppose -159 = 3*y + 513. Let j = y + 571. What is the units digit of j?
7
Suppose -27573 + 24325 = -4*g. What is the units digit of g?
2
Let o = -90 + 29. Let c(s) = 10*s**2 - s - 1. Let r be c(-3). Let y = o + r. What is the units digit of y?
1
Let s = -784 - -240. Let z(c) = -c**3 + 90*c**2 + 920*c - 19. Let v be z(-9). Let k = v - s. What is the hundreds digit of k?
2
Suppose 58*x - 3*l = 60*x - 14275, -14265 = -2*x - l. What is the thousands digit of x?
7
Suppose 2*c + 36395 = 2*d + 1149, -3 = 3*c. What is the ten thousands digit of d?
1
Let k be ((-1)/(-2)*4)/2. What is the tens digit of -1 + 5 + k + (2 - -1534)?
4
Let r = -4 - -12. Suppose -k = -6*k + r*k. Suppose k = 3*o + 3*o - 186. What is the units digit of o?
1
Let c be 40/12 - (-3)/(-9). Suppose q = -c*q - q. Suppose 0 = -4*s - q*s + 68. What is the tens digit of s?
1
Let y = 122626 - 67128. What is the units digit of y?
8
Let f(z) = 9*z**2 + 3 + 14 - 3*z - 10*z**2. Let i be f(7). Let a = 144 + i. What is the tens digit of a?
9
Suppose 87*k - 508423 = 88625 + 174555. What is the thousands digit of k?
8
Let l be 1/(4/(-6) + 1) - 1. Suppose 354 = l*s - 4*x, x = 5*s - x - 909. Let f = s + -79. What is the hundreds digit of f?
1
Let w(o) = 4*o**2 - 11*o - 55. Let n be w(8). Let u = 116 - -92. Let k = u - n. What is the tens digit of k?
9
Suppose 4*m - 28202 = -5*s, -5*m + 22818 + 12441 = 3*s. What is the hundreds digit of (-1)/(-6) + 1/18*m?
3
Let k(b) be the first derivative of 80*b**3/3 - 5*b**2 + 16*b + 32. What is the tens digit of k(2)?
1
Let j(y) = 2*y**3 + 14*y**2 - 12*y - 33. Let g(l) = 5*l**3 + 27*l**2 - 25*l - 66. Let d(r) = 3*g(r) - 7*j(r). What is the tens digit of d(17)?
8
Suppose -i + 3526 = r, 3*r = 3*i + 2039 - 12611. Suppose 4*w + 11*w - i = 0. What is the hundreds digit of w?
2
Suppose -p + 5*p + 3*c = 21, 2*p = -c + 9. Suppose -4*z + 2*t + 224 + 176 = 0, p*z = 3*t + 294. What is the hundreds digit of z?
1
Let s(m) = 559*m**2 + 47*m - 143. What is the units digit of s(3)?
9
Let q(s) be the third derivative of 0 + 1/60*s**5 + 31/6*s**3 - 5/8*s**4 - 12*s**2 + 0*s. What is the tens digit of q(16)?
4
Suppose 2*u - 2*b - 250 = 0, 66*u - 67*u - 4*b + 140 = 0. Let f = -118 + 40. Let m = u + f. What is the tens digit of m?
5
What is the units digit of 15*23/(-1725) - ((-90832)/5)/2?
3
Let y be 2/((-1)/(-638)*(-4)/(-1)). Let g = -91 + y. What is the units digit of g?
8
Let q be (-70)/25*(-10)/4. Let w = -762 - -828. Let x = q + w. What is the units digit of x?
3
Let v(l) = 18*l - 4. Let a be v(3). Suppose -15*d + 5*d + a = 0. What is the units digit of 34/d*(12 - -13)?
0
Let h = 266 - 261. Suppose -h*j + 551 = -2114. What is the units digit of j?
3
Suppose 0 = -4*x + 12, 14*k - 16*k + 4*x = -44694. What is the tens digit of k?
5
Suppose 5*i + 50 = 15*i. What is the thousands digit of (-3)/i - (96936/(-60))/1?
1
Let r(w) = w**3 - 7*w**2 - 4*w + 1. Let c be r(8). Suppose 0 = 2*v - 5*v - 2*x + 30, 4*v = -5*x + c. Let p(a) = 9*a - 14. What is the units digit of p(v)?
4
Let r be (-12)/(-4 - 276/(-68)). Let v = r - -277. What is the units digit of v?
3
Let v = 229 + -224. Suppose 4*a = 3*m - 9, m - 2*a = v*m - 12. What is the units digit of m?
3
Let a be 7/((-147)/10506) + (-4)/(-14). Let f = a + 1325. Suppose -7*y - 132 = -f. What is the tens digit of y?
9
Let k = -644 - -704. Suppose -k = -2*o + 2556. What is the thousands digit of o?
1
Let s be -4 - (3 + -5404 + -2). Let v = s - 3536. Suppose -v = -r - 8*r. What is the tens digit of r?
0
Let p(o) = 15*o**2 - 3*o + 2. Suppose 3*r = -5*m + 6 + 10, m + 3*r + 4 = 0. Let h be p(m). Let w = h + -70. What is the tens digit of w?
9
Suppose -3*x - 3*d + 37020 = 0, 49358 = -834*x + 838*x + 5*d. What is the thousands digit of x?
2
Suppose 0 = -64*a + 35*a - 82*a + 610722. What is the units digit of a?
2
Let p(a) = 22238*a**3 - a**2 - 623*a + 625. What is the units digit of p(1)?
9
Let r = -25 - -24. Let d be ((-60)/(15/(-3)))/r. What is the units digit of (14/(-4))/(6/d)?
7
Let v(x) = 2379*x**2 + 121*x - 375. What is the tens digit of v(3)?
9
Let m(s) = -s**2 + 20*s - 70. Let u be m(15). Suppose 5*i - u*w = 1540, 5*w + 920 = 3*i - 8. What is the tens digit of i?
0
Let p = 24298 - -3713. What is the units digit of p?
1
Suppose -450*f + 5991432 = -11814618. What is the units digit of f?
9
Let l(r) be the third derivative of -r**4/24 + 23*r**3/2 + r**2. Let q(w) = -295*w - 885. Let i be q(-3). What is the units digit of l(i)?
9
Suppose 102016 = 5*n - 2*g - 104577, 3*g + 165280 = 4*n. What is the ten thousands digit of n?
4
Let o be 33*(150/9 + 4). Suppose -2*g + o = 4*l, -1216 = -5*g - 5*l + 469. Suppose 27 + g = 10*j. What is the units digit of j?
6
Let r = -45 - -41. Let x = r + 6. Suppose x*v - 8 = -4*i, i + 8 = 5*i - 4*v. What is the units digit of i?
2
Suppose 0 = 17*u + 170*u + 19*u - 516236. What is the units digit of u?
6
Suppose 7 = -5*h + 3*h + 3*c, -4*c = 4*h - 36. Suppose 0*a - 1710 = -i - a, -6854 = -h*i + 3*a. What is the hundreds digit of i?
7
What is the units digit of (22 + -4 + -11)*(1 + 1285)?
2
Let u = -225 + 227. Suppose 386 = u*v + 2*n, 193 = 15*v - 14*v + 4*n. What is the units digit of v?
3
Suppose 5 = 7*q - 9. Suppose -q*n + 1251 = -n. What is the units digit of n?
1
Suppose 4*r = 0, 3*a = 37*r - 36*r + 20448. Suppose -7*j + a = 5*j. What is the hundreds digit of j?
5
Suppose 592*a - 125*a - 18830639 = 16754761. What is the hundreds digit of a?
2
Suppose -25*g = 5*f - 29*g - 6317, -5*f - 5*g = -6335. What is the units digit of f?
5
Suppose 4*m + 15 + 249 = 0. Let x(k) = 6*k + 14. Let a be x(14). Let o = a + m. What is the tens digit of o?
3
What is the ten thousands digit of (-77)/(-14) + (-774657)/(-54)?
1
Let w(u) = 460*u**3 - 73*u**2 + 262*u + 8. What is the tens digit of w(4)?
2
Suppose 22 = 12*h - 2. Suppose 3*r - r + h*k = 102, 3*r = 2*k + 128. Let b = r + 124. What is the tens digit of b?
7
Let f = -159 - -291. Let v = -112 + f. Suppose -18*k + v*k - 532 = 0. What is the tens digit of k?
6
Let c = 143 - 72. Let z = c + -36. Suppose -309 = -38*f + z*f. What is the hundreds digit of f?
1
Let h(x) = 9*x**2 - 244*x - 236. Let v be h(28). Suppose -3*s + 7*s - 812 = 5*u, 2*s - 2*u - 408 = 0. What is the hundreds digit of 225/v*s/(-39)?
1
Suppose 3*d = 6, 3*d = h + 7*d - 22. Let m(j) 